{"id":656,"date":"2024-04-21T18:58:15","date_gmt":"2024-04-21T16:58:15","guid":{"rendered":"https:\/\/coutellerie-tony-n.fr\/?post_type=product&#038;p=656"},"modified":"2024-04-27T08:44:28","modified_gmt":"2024-04-27T06:44:28","slug":"gravure-laser","status":"publish","type":"product","link":"https:\/\/coutellerie-tony-n.fr\/index.php\/produit\/gravure-laser\/","title":{"rendered":"Gravure laser : Initiales, Pr\u00e9nom Nom"},"content":{"rendered":"<p>Si vous d\u00e9sirez personnaliser votre couteau, une gravure laser est possible. Il vous suffit de commander cette option puis d&rsquo;indiquer l&#8217;emplacement et le texte \u00e0 graver.<\/p>\n<p>Attention, seules deux zones sont possibles et le texte devra donc \u00eatre adapt\u00e9 \u00e0 ces zones.<\/p>\n","protected":false},"excerpt":{"rendered":"<p>Si vous d\u00e9sirez personnaliser votre couteau, une gravure laser est possible. Il vous suffit de commander cette option puis d&rsquo;indiquer l&#8217;emplacement et le texte \u00e0 graver. Attention, seules deux zones sont possibles et le texte devra donc \u00eatre adapt\u00e9 \u00e0 ces zones.<\/p>\n","protected":false},"featured_media":662,"template":"","meta":{"iawp_total_views":0},"product_brand":[],"product_cat":[59],"product_tag":[60],"class_list":{"0":"post-656","1":"product","2":"type-product","3":"status-publish","4":"has-post-thumbnail","6":"product_cat-gravure-laser","7":"product_tag-gravure-laser","9":"first","10":"instock","11":"featured","12":"virtual","13":"purchasable","14":"product-type-simple","15":"prodpage-style2"},"_links":{"self":[{"href":"https:\/\/coutellerie-tony-n.fr\/index.php\/wp-json\/wp\/v2\/product\/656","targetHints":{"allow":["GET"]}}],"collection":[{"href":"https:\/\/coutellerie-tony-n.fr\/index.php\/wp-json\/wp\/v2\/product"}],"about":[{"href":"https:\/\/coutellerie-tony-n.fr\/index.php\/wp-json\/wp\/v2\/types\/product"}],"wp:featuredmedia":[{"embeddable":true,"href":"https:\/\/coutellerie-tony-n.fr\/index.php\/wp-json\/wp\/v2\/media\/662"}],"wp:attachment":[{"href":"https:\/\/coutellerie-tony-n.fr\/index.php\/wp-json\/wp\/v2\/media?parent=656"}],"wp:term":[{"taxonomy":"product_brand","embeddable":true,"href":"https:\/\/coutellerie-tony-n.fr\/index.php\/wp-json\/wp\/v2\/product_brand?post=656"},{"taxonomy":"product_cat","embeddable":true,"href":"https:\/\/coutellerie-tony-n.fr\/index.php\/wp-json\/wp\/v2\/product_cat?post=656"},{"taxonomy":"product_tag","embeddable":true,"href":"https:\/\/coutellerie-tony-n.fr\/index.php\/wp-json\/wp\/v2\/product_tag?post=656"}],"curies":[{"name":"wp","href":"https:\/\/api.w.org\/{rel}","templated":true}]}}